*2. What is h(-3)?
2
Let b(n) be the third derivative of -n**6/120 - n**5/60 + n**3/6 - n**2. Suppose -4 = p, -w - 4*w + 11 = p. Let q = -3 + w. Determine b(q).
1
Suppose -14*x + 27 = -5*x. Let t(a) be the second derivative of 1/2*a**2 + 0*a**x - 1/4*a**4 + 0 + a. Determine t(2).
-11
Let s(t) = t**3. Let u = -1 + 0. Let v be 0 - (-4 - -1 - -2). Let d = u - v. Calculate s(d).
-8
Let s(v) = -3*v**2 - 2*v. Let a(h) = -h**2 - 5*h + 8. Let u be a(-6). Suppose -2*y - 6 = -u. What is s(y)?
-8
Let o(d) be the third derivative of -d**6/120 + d**4/12 + 2*d**2. Suppose 5*p = 6*p - 2. Give o(p).
-4
Suppose -16 = -3*i + 17. Suppose 6 = 2*f - 0*f. Suppose f*a - i = -4*d + 17, 3*d = a + 8. Let w(c) = -c**2 + 6*c - 5. Give w(d).
3
Let g(k) = -k**2 + k. Let a(d) = -3*d**2 + 4*d**2 + 2*d + 0*d. Let s be a(-3). What is g(s)?
-6
Let u(y) = y**3 + 5*y**2 - y - 1. Suppose c + 2*c + 15 = 0. Give u(c).
4
Let q be 6*(3 + -2)/2. Suppose 0 = -4*l - q*g + 6 + 8, 0 = -4*g + 8. Let w(p) = -2*p**3 + p**3 - 1 + 3. Calculate w(l).
-6
Let h(q) = q - 1. Let i = 7 - 9. What is h(i)?
-3
Let p(y) be the first derivative of -y**4/8 - y**3 + 9*y**2/2 - 10. Let t(n) be the second derivative of p(n). What is t(-4)?
6
Let j(f) = -f**2 + 5*f - 2. Suppose 5*m - i = 2*m, 4*i = -2*m. Suppose 0 = 4*y - 2*n - 24, 0 = -m*y + 2*y - 4*n - 12. Give j(y).
-8
Let n(c) be the first derivative of -5/3*c**3 + 7/2*c**2 + 8*c - 1/4*c**4 - 1. Suppose m = -36 + 30. What is n(m)?
2
Let n(s) = 2*s - 6. Suppose a - 5 = 3*p - 0*p, 0 = 2*a + 4*p. Suppose 2*k + a*c - 2 - 6 = 0, 3*k - c = 16. Give n(k).
4
Let z = 0 + 0. Let r(b) = -b - 6. Let s be r(z). Let y(u) be the first derivative of -u**3/3 - 2*u**2 + 6*u + 107. What is y(s)?
-6
Let q(b) = 6*b - 2. Let x(m) = 7*m - 3. Let c(y) = -6*q(y) + 5*x(y). Let p be c(-4). Let w(a) be the first derivative of -2*a**3/3 + a + 2. What is w(p)?
-1
Let o = 0 - 5. Let j be 1 + o - (1 - 2). Let g(c) be the first derivative of -c**4/4 - 2*c**3/3 - 4*c + 21. What is g(j)?
5
Suppose s + 14 = -s + 5*h, 2*h - 2 = 2*s. Let c(x) = -x**3 + 4*x**2 + x - 4. Give c(s).
8
Let j(y) be the third derivative of y**5/60 - 5*y**4/24 - y**3/3 - 70*y**2. Determine j(5).
-2
Let m(o) be the third derivative of o**6/120 - o**5/60 - o**4/6 + o**3/2 + o**2. Let b(s) = 4*s - 10. Let z be b(3). Give m(z).
-1
Let q(x) = -x**2 + x + 2. Suppose -6*d = -7*d. Calculate q(d).
2
Suppose -c - v - 23 = -6*v, 2*v - 16 = -3*c. Let x(l) = l**3 - 2*l**2 - 2. Calculate x(c).
-2
Let b(n) be the first derivative of 2*n**2 + n - 2. Let u be 2/(-9) - (-20)/9. Suppose s + a = -s + u, s + 2*a - 7 = 0. What is b(s)?
-3
Suppose 5*f = x + 3, -3*x + 4*f = -x. Let t(r) = r**2 - r + 4. Let s(m) = -4*m**2 + 4*m - 13. Let a(c) = -2*s(c) - 7*t(c). Give a(x).
0
Suppose 3*u = -3*m - 2*u + 26, -m = -u + 2. Let t(x) = 5*x + x**3 - 6*x - 2*x + 3 - x**m. Determine t(3).
12
Let f = -9 - -13. Let l(a) = 3*a**3 + 8*a**2 + 6*a - 6. Let y(q) = -4*q**3 - 9*q**2 - 7*q + 6. Let o = -6 - -1. Let b(u) = o*l(u) - 4*y(u). Give b(f).
-2
Suppose -2 = -v + 3. Suppose 4*b = -16, 5 = -v*w + 2*b - 7*b. Suppose -5*r + 15 = -w*j - 0*r, j = -2*r - 5. Let h(y) = y - 4. Determine h(j).
-9
Let z(w) = -2*w - 4*w - 7 - 7*w**2 - 5 + w**3 + 2. Give z(8).
6
Let a = -5 + 7. Suppose -10 = -2*t - 2*s, 2*t + 4 = 5*s - 14. Let l(o) = -2*o + t - 2*o - o + 1. What is l(a)?
-8
Let s(z) = -z + 2. Let v be 3 - (-4 + 2) - -1. Suppose -4*o = -v*o + 4. Let i = -4 + o. Calculate s(i).
4
Let s be (-2 - 2*-2) + 0. Let m be (0 - s) + 8/1. Let i be 0/((m*1)/3). Let l(w) = -w**3 + w**2 + 3. Calculate l(i).
3
Suppose -2*w + p = -7*w - 33, 4*p = -12. Let l(b) = 8*b - 1. Let f(d) = -d. Let o(m) = w*f(m) - l(m). Calculate o(-1).
3
Let w(x) be the third derivative of x**5/10 - x**3/6 + 3*x**2. Let k(h) = -h**2 - h - 4. Let c be k(0). Let o = c - -5. What is w(o)?
5
Suppose -2*o = -3 - 5, -2*l - 2*o + 24 = 0. Let d(i) = i**2 - 6*i - 3. What is d(l)?
13
Let l(a) = -6*a**2 - a. Let b be l(-1). Let d(v) = 2*v + 4. Determine d(b).
-6
Let g(q) be the first derivative of q**2/2 - 9*q + 6. What is g(0)?
-9
Let q(r) be the second derivative of r**7/2520 + r**6/144 + r**5/120 + r**4/3 + 3*r. Let c(a) be the third derivative of q(a). What is c(-4)?
-3
Let z = 51 - 36. Let t(p) = 11*p + 9*p - z*p - 10 + p**2. Determine t(-7).
4
Let o(r) = -r**2 + 5*r + 4. Suppose -4*f + 9*f = 55. Let d = -8 + f. Suppose d*j = 4*a + 26, 5*j - a - 3*a = 38. Determine o(j).
-2
Let o(c) be the first derivative of -c**4/4 - 2*c**3 - c**2 - 11. Calculate o(-5).
-15
Let u(t) be the first derivative of -t**2/2 - 4*t + 19. Determine u(0).
-4
Let h = -4 + 7. Let y(q) = -6*q - 4*q**2 - h*q**2 + 5*q. Determine y(1).
-8
Suppose -5*v + 25 = -u, 0 = 2*u + 2*u - 20. Let z(c) = c**2 - 5*c - 1. Calculate z(v).
5
Let b be ((-3)/6)/((-2)/12). Let t(v) = 0*v**3 + 4*v**b + 0*v**3 + 0*v**3 - v**2. What is t(-1)?
-5
Let w be 7 + (2 - 0 - 2). Let h = -5 + w. Let q(l) = -l + 1. Let c(u) = 2*u - 1. Let n(r) = c(r) - 2*q(r). What is n(h)?
5
Let j(d) = d. Let r(w) = 3 + 3*w + 5*w - 6 + 14. Let s(h) = -6*j(h) + r(h). Determine s(-8).
-5
Let m(u) be the third derivative of u**7/2520 + u**6/120 - u**5/120 - u**4/8 + 2*u**2. Let h(f) be the second derivative of m(f). What is h(-5)?
-6
Let c(o) = 5 + 3 + 10*o - 11*o + 0*o. Determine c(-7).
15
Let u(p) = -5*p + 2*p + 2*p + 2*p. Let g(l) = -2*l + 1. Let x be g(-2). Suppose 2*c - 1 = -x. Calculate u(c).
-2
Let y(b) = -7*b**2 + 3*b + 5. Let g(l) = -l**2 + l + 1. Let w(t) = 6*g(t) - y(t). Determine w(-3).
1
Let n = 6 + -4. Let f(l) = -7*l**2 - l - 3. Let d(x) = -x**2 - 1. Let y(w) = n*d(w) - f(w). What is y(-1)?
5
Let u(x) = x + 1. Let h(n) = -n**3 - 7*n**2 + 10*n + 11. Let b be h(-8). Give u(b).
-4
Suppose l - 5*v - 17 = 0, -2*l - 22 = v + 3*v. Let h(w) = -3*w**2 - w - 2. Let b(x) = -x**2 - 1. Let j(z) = -5*b(z) + 2*h(z). What is j(l)?
-2
Let d be (-2)/4*2 - 1. Let w(o) = o**2 + o + 4. Let h be w(-4). Let x(l) = l**2 - 16 + h - l. What is x(d)?
6
Let w(v) = -6*v + 7. Let a(o) = o - 2*o + 2*o. Let f(d) = -5*a(d) - w(d). Let n be (4/(-6) - 0) + 12/18. Calculate f(n).
-7
Let h(o) = 8*o - 10. Let u(d) = d - 1. Let t(z) = -2*h(z) + 18*u(z). Suppose 4*y + 1 = -3*g + 107, 5*y - 5*g = 115. Let c be -9*(y/(-15))/(-5). Give t(c).
-4
Let a(g) = -3*g + 4. Let u(j) = -2*j + 3. Let p(b) = -5*a(b) + 7*u(b). Give p(-3).
-2
Let j(p) be the first derivative of p**3/3 - p + 6. Determine j(-1).
0
Let m(k) = 2*k**2 + 2*k + 2*k**2 - 2*k**2 + 3 - 3*k**2. Let r be m(-6). Let g be (-10)/4*54/r. Let x(h) = -h**3 + 3*h**2 - 3. Give x(g).
-3
Let b = 93/4 - 23. Let u(w) be the second derivative of -1/20*w**5 + 1/6*w**3 - b*w**4 + 0 - 2*w - 2*w**2. Give u(-3).
-7
Let y = 0 + 0. Let f(w) = -2*w - 1 + 2*w + w. Calculate f(y).
-1
Let y(j) be the third derivative of 5/24*j**4 + 0 - 1/120*j**5 + 1/6*j**3 - 1/360*j**6 + 2*j**2 + 0*j. Let b(z) be the first derivative of y(z). What is b(0)?
5
Let o = -1 + 1. Let v(h) = 2*h - 5. Let g be v(4). Let p(y) = y**2 - 6 + 2*y - 2*y + y**g. Calculate p(o).
-6
Let z(r) = -r**2 - 4*r + 7. Let n be z(-5). Suppose 9 = g + n*g. Let d(q) = g*q - q - 7*q**3 + 2*q**3 - 1 - 3*q**3. What is d(1)?
-7
Suppose 0 = 15*c + 17 + 13. Let o(k) = -k**2 + 2*k + 2. Calculate o(c).
-6
Let c(j) be the second derivative of 1/6*j**3 + 0 + 1/6*j**4 - 1/20*j**5 + 1/2*j**2 - 2*j. Suppose 5*t + 4 - 19 = 0. Give c(t).
-5
Let g(t) = t**3 + t**2 + 8. Suppose 3*n = 6*n - 3*o - 6, 0 = 4*o. Let s be n/3 - 4/6. What is g(s)?
8
Let p(h) = -4*h - 3. Let l be p(-2). Suppose 5*i - 35 = -5*n - 0*i, 2*i = -l*n + 29. Let c(b) = -8 - 4*b + 5*b + 2. Give c(n).
-1
Let k(u) = -u + 11. Let z be k(8). Let h(p) = -1 + 4*p**2 - 3*p**2 - 2*p - 2*p**2 - 3*p**3 - 4*p**z. Let q = -2 + 1. Calculate h(q).
7
Let p(y) = y**3 + 5*y**2 - 2*y - 7. Let w be p(-5). Suppose t - w*o = 2*t - 7, -1 = -t - o. Let s(k) = -3*k - 2*k**2 - 3 + 2 + k. What is s(t)?
-5
Let b(x) = 5*x - 3. Let c(i) = 5*i - 4. Let j(z) = -5*b(z) + 4*c(z). Calculate j(1).
-6
Let x(v) be the third derivative of -v**6/120 + v**5/60 - v**4/24 - v**3/6 + 8*v**2. Give x(0).
-1
Let n(p) = 1 - 7*p - 3*p + 2*p. Let k be ((-1)/2)/(16/32). Determine n(k).
9
Let y(v) = -13*v**3 - 2*v**2 - 2*v + 3. Let m(q) = -q**3 - q**2 + 1. Let t(j) = 2*m(j) - y(j). Determine t(1).
12
Let v(t) be the first deri